7
Suppose 1 = 5*s - 24. Suppose s*a + 5*n = n + 530, 2*n + 106 = a. Calculate the remainder when a is divided by 27.
25
Suppose l - 6*l = -3*q - 69, l - q - 15 = 0. Let z be (-1 + -2)*-1*1. Suppose 4*c - l = z*c. What is the remainder when 34 is divided by c?
10
Suppose -2*o + 12 + 28 = 0. Let r = -11 + o. Let h(j) = j**3 - j**2 + 5. Calculate the remainder when r is divided by h(0).
4
Let q = -9 - -61. Suppose l = 3*k - l - q, -4*k + 3*l = -68. Calculate the remainder when 78 is divided by k.
18
Let s(k) be the first derivative of k**2/2 + 8*k - 1. Let f = 286 + -281. Calculate the remainder when s(0) is divided by f.
3
Suppose 0 = -v + 3*v - 32. Suppose q = -4*j + 115, 0 = -q - 5 - 0. What is the remainder when j is divided by v?
14
Let h be (-1)/(2/(-6) - 0). Suppose -4*r = -h*r - 13. Calculate the remainder when 50 is divided by r.
11
Suppose 4*x - x = 18. Let z(k) = -k**2 + 9*k - 7. Calculate the remainder when 41 is divided by z(x).
8
Let p(f) = f**2 + 13*f - 3. Let g be p(-15). Suppose -g = -4*h + 13. Calculate the remainder when 37 is divided by h.
7
Calculate the remainder when 21 is divided by 14/6*(-6 + 12).
7
Suppose 4*c = 4*r - 28, r - 8 = 3*c - 3. Calculate the remainder when r is divided by 3.
2
Let n = 40 - 9. What is the remainder when 47 is divided by n?
16
Let w(a) = 3*a + 4. Suppose -q + 4*q - 21 = 0. Calculate the remainder when w(5) is divided by q.
5
What is the remainder when 91 + -1 - 6*4/8 is divided by 22?
21
Suppose 0*a + 4*k - 26 = -a, 3*k - 28 = -a. Calculate the remainder when a is divided by 9.
7
Let h be 4/(-18) + 40/18. Suppose 3*i = -5*k + 72, 4 = h*k + i - 6*i. What is the remainder when 105*2*(-2)/(-12) is divided by k?
11
Suppose 0*y - y = 3. Let v = -9 - y. What is the remainder when 3 is divided by (-4)/(-6) - 8/v?
1
Let l = 14 - -12. What is the remainder when l is divided by 7?
5
Let q(u) be the first derivative of -u**4/4 - 1. What is the remainder when q(-1) is divided by 0 - (9/(-7) + 14/49)?
0
Suppose -72 = 6*j - 3*j. What is the remainder when 26 is divided by ((-36)/j)/((-3)/(-28))?
12
Suppose t = 6*t - 15, -113 = -4*h + 5*t. What is the remainder when 92 is divided by h?
28
Let o be 1/(-1) + 2 + 3. Calculate the remainder when 21 - (0 - -4) - o is divided by 6.
1
Suppose -3*a + 18 = -a. Suppose 0 = -10*q + 7*q + 51. What is the remainder when q is divided by a?
8
Let v = 47 - 30. What is the remainder when v is divided by 5?
2
Let s be (2 - -1) + (-8)/(-4). Suppose -s*x - j - 30 = 4*j, 0 = 4*x + 5*j + 27. What is the remainder when 34 is divided by (0 - 0) + (-36)/x?
10
Suppose f + 4 = -2*d - f, 0 = -d - 5*f - 10. Suppose d = -2*g + 10 - 0, -x = -2*g - 27. Let k = -23 + 33. What is the remainder when x is divided by k?
7
Suppose -4*i + 40 = 5*g + 5, 4*i - 38 = -2*g. Calculate the remainder when 23 is divided by i.
3
Let p = -6 + 11. Let v = -18 + 23. Suppose -p*x + 0*o = 3*o + v, -5*o - 33 = -4*x. Calculate the remainder when 7 is divided by x.
1
Suppose h + 2*k - 4 = -2*h, h - 5*k - 7 = 0. Let r(x) = x**2 - 2*x - 1. Calculate the remainder when h is divided by r(3).
0
Let s = 25 - 9. Let v = -11 + 17. What is the remainder when s is divided by v?
4
Suppose a = l + l + 6, -2*a = 3*l + 9. Let d = 7 - a. What is the remainder when 19 is divided by d?
5
Calculate the remainder when (-8 + 7)/((-1)/(75 - 2)) is divided by 27.
19
Let v = 106 + -83. Calculate the remainder when 113 is divided by v.
21
Let w(i) = 2*i**2 + 2*i + 8. Let v be w(-7). Let c = -41 + v. Let n = 18 + -5. Calculate the remainder when c is divided by n.
12
Let t be (-66)/10 + 2/(-5). Let v = 23 + t. Suppose -121 + 356 = 5*y. Calculate the remainder when y is divided by v.
15
Let n = -12 + 14. Calculate the remainder when 4 is divided by n.
0
Let g = -2 - -6. Suppose 0*m + 4*m = 5*s - 49, 4*s = -3*m + 33. Calculate the remainder when s is divided by g.
1
Let i = -7 + 15. Suppose -6 = 2*o + 94. Let l = -27 - o. Calculate the remainder when l is divided by i.
7
Let z = 30 - 15. What is the remainder when 58 is divided by z?
13
Let w(o) = -o**3 - 3*o**2 - o - 4. Let i(f) = 5*f**3 - f**2 + 2*f - 1. What is the remainder when w(-4) is divided by i(1)?
1
Let j = -46 + 58. Suppose -2*n = 3*n - 15. Suppose n*p - 92 = -p. What is the remainder when p is divided by j?
11
Let g(u) = -29*u - 2. Let r be g(-3). Suppose 0 = 5*m + 82 + 153. Let o = m + r. What is the remainder when o is divided by 13?
12
Let c = -169 + 209. What is the remainder when c is divided by 14?
12
Let s(z) be the second derivative of z**4/4 + z**3/6 + 2*z**2 - 11*z. Calculate the remainder when s(3) is divided by 18.
16
Let g = -25 + 55. Calculate the remainder when 148 is divided by g.
28
Let k = -7 + 26. Let s be (-98)/(-6)*(1 + 2). Suppose 5*a - 1 - s = 0. What is the remainder when k is divided by a?
9
Let l(v) = v**2 + 6*v - 1. What is the remainder when l(6) is divided by 15?
11
Let m(w) = 12*w - 2. Let x be m(-5). Let d = x - -44. Calculate the remainder when 53 is divided by 6/27 + (-320)/d.
17
Suppose -5*d - 5*y + 85 = 0, 4*y = -5*d + 2*y + 76. Suppose -5*m + 189 = 29. Let u = m - 7. What is the remainder when u is divided by d?
11
Let v = 6 - 3. Let x = 10 + -8. Suppose -x*b + 5*d = -106, b - d = v*d + 59. Calculate the remainder when b is divided by 15.
13
Let x(k) = 2*k**2 - 9*k + 2. Let u be x(4). Calculate the remainder when 47 is divided by (-27)/u - 6/4.
11
Suppose -r = b - 41, 165 = 3*b - 2*r + 17. Calculate the remainder when 365 is divided by b.
43
Suppose 4*v - 36 = -4*o, 5*o = 5*v - 8*v + 47. Let a = 133 + -75. Suppose -2 = 2*h - a. What is the remainder when h is divided by o?
8
Let s = -1 + 18. Let c(o) = -o**3 - 5*o**2 - 5*o + 2. What is the remainder when s is divided by c(-4)?
5
Let y = -133 + 225. What is the remainder when y is divided by 19?
16
Let k(n) = n + 7. Let u be k(-7). Calculate the remainder when 3 is divided by 1/2*4 - u.
1
Let c = -13 + 16. Let f = 12 + c. Calculate the remainder when 27 is divided by f.
12
Suppose 0 = 4*r + 4, 4*m - 3*r + 7 = -6*r. Let f(l) = -10*l**3 - l**2. What is the remainder when f(-1) is divided by 0 - 15/3*m?
4
Let r(s) = -s**3 - s**2 + s + 4. Let t(l) = -l**2 - l. Let a be t(0). Calculate the remainder when 15 is divided by r(a).
3
Let v(r) = 18*r**2 - 1. Let n = -66 - -114. What is the remainder when n is divided by v(-1)?
14
Suppose 7 = 3*v + 1. Let i = -2 - -4. Suppose -6 = -2*t + i. Calculate the remainder when t is divided by v.
0
Suppose -4*c + 2*x = 0, 4 = x - 0*x. Suppose c*b = -b + 24. What is the remainder when 15 is divided by b?
7
Let m = 89 + -15. Let h = -47 + m. Calculate the remainder when h is divided by 10.
7
Let r(w) = w**2 - w - 6. Calculate the remainder when 47 is divided by r(-5).
23
Let q = -103 + 128. Calculate the remainder when q is divided by 6.
1
Let q(r) be the second derivative of -r**4/12 + 2*r**3/3 + r**2 - 3*r. Let n be q(4). Let x = 1 + n. What is the remainder when 8 is divided by x?
2
Let m = -4 + 14. Calculate the remainder when m is divided by 3.
1
What is the remainder when 38 is divided by (-8)/(-2)*(-7)/(-2)?
10
Let t(m) = m**2 - m - 5. Suppose 3*j - 58 - 8 = 0. Let p = j + -13. What is the remainder when t(-5) is divided by p?
7
Let m(b) = 2*b**2 + 14*b + 1. Calculate the remainder when m(-9) is divided by 13.
11
Let k = -42 + 25. Let u = 66 + k. Let a = 23 + -6. Calculate the remainder when u is divided by a.
15
Let n = 196 + -154. What is the remainder when n is divided by 2 + -3 + 11 + 1?
9
Let y = 17 + -7. Let i be 78*6/4 - 1. What is the remainder when i/(-2)*(-1)/2 is divided by y?
9
Let z(v) = v**3 + 7*v**2 + v + 1. Let w = -11 - -14. Calculate the remainder when z(-5) is divided by (0 - w) + (29 - 2).
22
Suppose -8 = -3*d - d. Let j be 31 + (1*-4)/(-2). Suppose x - j = -d*x. What is the remainder when x is divided by 4?
3
What is the remainder when 1305/25 + 3/(-15) is divided by 184/10 - 6/15?
16
Let p = 0 - -2. Let l be (-840)/(-16) + p/(-4). Suppose 2*q - 2*x = l, -5*q - 4*x + 43 = -96. What is the remainder when q is divided by 7?
6
Suppose 5*n + 2*t = 24, 2*n + 4 = 4*n - 2*t. Calculate the remainder when 9 is divided by n.
1
Suppose -3*x = -3, 5*y - 94 = -2*x + 3*x. Let z(m) = -4*m. Let l be z(-5). Suppose l = 3*o - 1. Calculate the remainder 